ime factors of c(m)?
29
List the prime factors of (6/((-18)/(-21)))/(1/19).
7, 19
Suppose 2 - 6 = -4*p, -4*b + p + 827 = 0. What are the prime factors of b?
3, 23
Let d(q) = -2*q**3 - 2*q**2 + 4*q + 1. What are the prime factors of d(-3)?
5
Let k(c) = -c**2 + 20*c - 13. List the prime factors of k(12).
83
Let p = 2 - 0. Suppose -p*g = -g - 2. Suppose -4*h + g*d = 0, -2*h + 4*d - d - 8 = 0. List the prime factors of h.
2
Suppose w - 6*k + 3*k = 20, -50 = -3*w + 4*k. List the prime factors of w.
2, 7
Let o(p) = -p**3 - 5*p**2 - 2*p + 3. Let z be o(-3). Let h(y) = -y - 9. Let l be h(z). List the prime factors of (l - -1)/((-3)/(-33)).
11
Let n be 1*(6*1 - 1). Suppose -63 = -n*b + p, -3*b + 2*b + 21 = -3*p. Suppose -a - b = -3*a. What are the prime factors of a?
2, 3
Let g(d) = 2*d**2 + 6*d + 12. Let f(m) = m**2 + 1. Let v(o) = 3*f(o) - g(o). List the prime factors of v(10).
31
Let x(y) be the first derivative of -3*y**2/2 + 2*y + 3. What are the prime factors of x(-10)?
2
What are the prime factors of 4/(4 + 220/(-56))?
2, 7
Suppose 0 = -4*i - 0 + 12. Let y(q) = 0*q**3 + 0*q**3 - 7*q**i. List the prime factors of y(-1).
7
Let r(h) = -h + 8. Let n be -4*((-6)/(-4))/(-1). Let d be r(n). Suppose b = -0*g + 5*g - 17, 0 = -d*b + 3*g + 1. List the prime factors of b.
2
Suppose 5 = 4*j + 1. What are the prime factors of (-41)/(-2) - j/2?
2, 5
Let y be (-1)/(1/(-30)*2). List the prime factors of y - (-2)/4*2.
2
Let a be ((-4)/(-2))/((-2)/(-7)). Suppose 3*v - a*v + 4 = 0. What are the prime factors of v + -2 + 8 + -1?
2, 3
Suppose 3*b + 8 = 4*b. Suppose -32 = 4*x - b*x. What are the prime factors of x?
2
Let q = 118 + -72. List the prime factors of q.
2, 23
Suppose -2*v = 5*x + 45 - 18, 2*v + 17 = -3*x. What are the prime factors of v - -1 - (-13 - 1)?
2, 7
Suppose 0 = 3*x + 6, 3*i - 5*x - 95 - 122 = 0. What are the prime factors of i?
3, 23
Let f(k) = 0 - k - 4 + 3. Let o be f(-3). Suppose -d + o = -0*d. List the prime factors of d.
2
Let u be (-2)/5 + (-501)/(-15). Suppose 2*h = -h + u. Let l = 19 - h. What are the prime factors of l?
2
List the prime factors of (-2)/(-8)*3*92.
3, 23
Let y = 12 + -9. Suppose -3*x = 5*j + 3, -y*x - 5 = -5*j - 2. What are the prime factors of (j - -1)*(22 - 8)?
2, 7
Let x(b) = 11*b - 2. What are the prime factors of x(4)?
2, 3, 7
Let x = 45 + -32. Let n = 24 - x. What are the prime factors of n?
11
Suppose -l - 40 = -3*l. List the prime factors of l.
2, 5
What are the prime factors of (1/(-3))/((-5)/510) + -2?
2
Let b(d) = 2*d**3 - 2*d**2 - d. Suppose -2*g - 10 = -7*g. What are the prime factors of b(g)?
2, 3
Let l = -2 + 6. Suppose -l*r = -r - 6. What are the prime factors of r?
2
Suppose 1 + 3 = 2*o, 0 = -3*b + 4*o + 235. Let z = -50 + b. List the prime factors of z.
31
Suppose -3*w + 0 = -12. Suppose n - 130 = -w*n. What are the prime factors of n?
2, 13
Suppose 2*v - 4*v + 5 = -n, 0 = -n - 2*v + 11. Suppose n*c = -2*c. Suppose -23 = -m + 4*q, -m + c*m - 2*q + 5 = 0. List the prime factors of m.
11
Let k = 233 + -162. What are the prime factors of k?
71
Let q(a) = -a + 2. Let j be q(0). What are the prime factors of (-5 + j)/(3/(-8))?
2
List the prime factors of -2*((-3 - -2) + 0).
2
Let l(c) = -2*c**3 + c**2 + 5*c + 4. List the prime factors of l(-3).
2, 13
Let q = 5 + -3. What are the prime factors of (-1)/((-2)/28) - q?
2, 3
Suppose 2*b = 229 + 313. List the prime factors of b.
271
Let x(a) = -4*a. Let n(h) = h. Let t(k) = -7*n(k) - 2*x(k). Let y be (-3)/6 - 5/10*-11. What are the prime factors of t(y)?
5
Let l(k) = -k**3 - k**2 + 2*k. Let q be l(-2). Suppose 2*g + 12 = -q*g. List the prime factors of 2*g/(-8)*2.
3
Let z(t) = -t**3 + 10*t**2 - 9*t + 17. List the prime factors of z(8).
73
Suppose -4*j + u = 3*u - 74, j - 21 = -3*u. Let q = j + 11. List the prime factors of q.
29
Let f(b) = b**3 + 5*b**2 + 4. Let x be f(-5). Suppose x*u - 2 - 6 = 0. Suppose -k - 5 = -u*k. List the prime factors of k.
5
Suppose 0 = 5*v + 2*s - 38, v - 1 = -4*s + 3. Let k = -5 + v. What are the prime factors of (0 - -9)*1/k?
3
Suppose -15*g + 168 = -12*g. What are the prime factors of g?
2, 7
Suppose -2*r - 4*x + 0*x + 42 = 0, 3*r + x - 58 = 0. List the prime factors of r.
19
Suppose 0 = -a + w + 1, 3*a - 5*w + 1 = -4*w. Let g(b) = 2*b**2 + 2*b - 2. Let l be g(-2). What are the prime factors of a - -6 - (3 - l)?
2
Let t(j) = j**3 + 3*j**2 - 6*j - 6. Let u be t(-4). Suppose -4*n + 28 = -2*p, 2*n + 7*p - u*p = -10. What are the prime factors of n?
5
List the prime factors of 6/4*(-1032)/(-36).
43
Suppose -4*m + 140 = x, 3*m + 2*m + 25 = 0. What are the prime factors of x?
2, 5
Suppose i = -2*i - 15, 4*a - 1039 = -i. What are the prime factors of a?
3, 29
Let k(b) = -b + 1. Let w(s) = s**3 - 8*s**2 - 7. Let r be w(8). Let u be k(r). List the prime factors of (-60)/(-8)*u/6.
2, 5
What are the prime factors of (9/(-6))/((-2)/36)?
3
Suppose -2*v + 3 + 7 = 0. Suppose -v*s = 6 - 41. List the prime factors of s.
7
List the prime factors of -5 + 2 - (0 + -43).
2, 5
Let x(w) be the second derivative of w**4/12 - w**3/2 - 3*w**2/2 + 2*w. Let i be x(-2). Suppose 2*k = k + i. What are the prime factors of k?
7
Let s(i) = i**2 - 8*i + 4. Let t be s(6). Let n = 13 + t. What are the prime factors of n?
5
Suppose 79*f + 104 = 80*f. List the prime factors of f.
2, 13
Suppose 5 + 5 = 2*f. Suppose -u - 2 = -0*u, -u - 87 = -f*p. What are the prime factors of p?
17
Let d = -90 - -44. Let t = -26 - d. What are the prime factors of t?
2, 5
What are the prime factors of (4 + -1)*(824/12 - -1)?
11, 19
Let q be (36/(-48))/((-1)/4). Suppose 4*b + 35 = q*l + 133, -4*b + 94 = -l. What are the prime factors of b?
23
Suppose -6*v + 48 = -2*v - 3*s, 3*s + 63 = 5*v. List the prime factors of v.
3, 5
Suppose 4*d + 5*z - 22 = 0, -5*d = 2*z - z - 17. Let g(a) = a**2 + 4*a - 3. Let i be g(-6). Let c = d + i. List the prime factors of c.
2, 3
Let j = -61 + 172. List the prime factors of j.
3, 37
Let u(n) = 46*n**3 + n. Let t be u(-1). Let l = t - -70. What are the prime factors of l?
23
Suppose -5*w - 43 = -3*x + x, 4*x = 2*w + 62. List the prime factors of x.
2, 7
Suppose 0 = -7*r - 2 + 44. List the prime factors of r.
2, 3
Let w = -26 + 46. List the prime factors of w.
2, 5
What are the prime factors of -2 - (-20*1 - 4)?
2, 11
Let k be (-50)/(-2) + 6/3. What are the prime factors of 198/k + 1/(-3)?
7
Let d = 4 - 2. Suppose 3*o = -d*o + 20. What are the prime factors of o?
2
Let x(z) = -z**2 - 7*z + 2. Let q be x(-7). Suppose -5*j + 9 = -4*o, -1 = 3*o - 3*j + q. What are the prime factors of o?
2
Suppose 5*v = -5*q + 815, q - 4*q = 5*v - 825. What are the prime factors of v?
2, 3, 7
List the prime factors of (-896)/96*(1 - 23/2).
2, 7
Let q(p) = -p**3 + 2*p**2 + 3*p. What are the prime factors of q(-2)?
2, 5
Suppose 3*a - 5 = 5*m + 82, 0 = -a + 4*m + 29. List the prime factors of a.
29
Suppose -2*a = a. Suppose a*b + b - 25 = -3*l, 3*b - 15 = 3*l. List the prime factors of b.
2, 5
Suppose 0 = -4*y + 2*f + 324, f + 0*f - 248 = -3*y. Suppose v + 3*v + 36 = 2*k, y = 4*k + 2*v. What are the prime factors of k?
2, 5
Let u = -81 + 51. Let l = -15 - u. What are the prime factors of l?
3, 5
Suppose 0 = -u - 3 + 6. What are the prime factors of u?
3
Suppose -3 = v - 2*v. Let d(u) = -u + 11 + 2*u**v + 0*u + 9*u**2 - 3*u**3. List the prime factors of d(9).
2
Suppose 4*s + 5*z - 16 = 0, 3*s = -0*z + 5*z - 23. Let w(r) = 6*r**2. List the prime factors of w(s).
2, 3
Let p(u) = u - 7. Let j be p(10). Suppose 2*w + 7 = j*m, 3*m - 3*w - 2*w - 4 = 0. Suppose -m = s - 13. List the prime factors of s.
2, 5
Let r(t) = t + t + 6 - t. What are the prime factors of r(0)?
2, 3
Suppose -6*b + 90 = -b. Let m = -6 + b. What are the prime factors of m?
2, 3
Suppose 5*q = 5*s + 2 + 3, -5*s - 4*q + 4 = 0. Let i(f) = f**3 + f**2 - f - 6. Let j be i(s). Let u = j + 9. List the prime factors of u.
3
Let n(j) = -j + 6. Let k be n(-15). Let c = -12 + k. List the prime factors of c.
3
Suppose 4*f - 273 = -3*p - 47, -5*p = 10. List the prime factors of f.
2, 29
Let r(o) = -6*o - 2. Let u be r(-7). Suppose 0 = -7*c + 2*c + u. What are the prime factors of c - (-1)/(-1) - -1?
2
Let z(w) = 3*w**2. Let j be z(-1). Suppose -2*c - 2*x = -52, j*c - 51 = -2*x + 28. List the prime factors of c.
3
Let i(x) be the sec